te the remainder when q is divided by 19.
18
Let d = -135 + 187. What is the remainder when d is divided by 11?
8
Suppose -4*f + 7*f - 4*t = 24, -3*t + 16 = 2*f. Let d = -5 + f. Calculate the remainder when 2*6*11/d is divided by 15.
14
Suppose 14 = -4*b + 102. What is the remainder when 108 is divided by b?
20
Let n be (-4)/24*2*-6. Suppose -n*v + 96 = -v. Calculate the remainder when v is divided by 33.
30
Let j = -5 + 11. What is the remainder when (-8)/2 - -3 - (-11)/1 is divided by j?
4
Suppose t + 3*j + 14 = 0, -4*t + 7 = -j + 24. Let s(x) = -14*x - 5. What is the remainder when s(t) is divided by 17?
14
Calculate the remainder when 168 is divided by (-8 + -49)*3/((-3)/1).
54
Let d(t) = -t**3 + 13*t**2 - 12*t + 13. What is the remainder when 35 is divided by d(12)?
9
Suppose -h - 28 = -4*h - k, -5*h + 52 = 3*k. Let o = 58 + -30. Suppose 2*g - 18 = o. Calculate the remainder when g is divided by h.
7
Let t be -1*2 + 2/1. What is the remainder when 40 is divided by 4*(t + 7/2)?
12
Let r = -5 + 12. Let m(c) = -c**3 + 6*c**2 + 11*c - 4. Suppose 2*v = 9 + 9. Calculate the remainder when m(r) is divided by v.
6
Let g = -5 + 16. What is the remainder when g is divided by 6?
5
Let p = -20 + 35. Let j = 5 - 2. Let x(b) = 4*b**2 + b + 4. What is the remainder when x(j) is divided by p?
13
Let q = -182 + 201. Calculate the remainder when 54 is divided by q.
16
Let l = 39 + -25. Calculate the remainder when l is divided by 6.
2
Suppose 38 = b + 14. Let h be 38 + -5 - (-1 + -2). Let w = 34 + h. What is the remainder when w is divided by b?
22
Suppose -i - 12 = i. What is the remainder when 31 is divided by ((-24)/10)/(i/20)?
7
Let b(g) = -7*g**2 + 28*g. Calculate the remainder when 28 is divided by b(3).
7
Suppose -h + 94 = 20. What is the remainder when h is divided by 26?
22
Let n(l) = l**2 + 4*l - 2. Let t be n(-6). Let g = -1 + t. What is the remainder when 34 is divided by g?
7
Let y(k) = -11*k - 8. Calculate the remainder when y(-3) is divided by 7.
4
Suppose -27 = -w + 2*w. Let j = w - -42. What is the remainder when 59 is divided by j?
14
Suppose 0 = -9*c + 4*c + 205. Calculate the remainder when c is divided by 11.
8
Suppose -u + 9 - 6 = 0. Suppose -u*l + 2 = 3*x + 2*x, 0 = -4*l + 3*x + 22. Suppose 40 = -2*c + l*c. What is the remainder when c is divided by 11?
9
Suppose -10 + 1 = -3*q. Suppose -x - x = -6. Let a = 7 - x. Calculate the remainder when a is divided by q.
1
Calculate the remainder when (39/4)/(9/24) is divided by 10.
6
Calculate the remainder when 38 is divided by -5 + 6 - (-11 - 2).
10
Let x(v) = 9*v + 2. Suppose -3*l - 17 + 8 = 0. Let b = l + 6. Calculate the remainder when x(b) is divided by 15.
14
Suppose -3 + 11 = 4*g. Let v(f) = f**g - 4 - 3*f**2 + 5 - 2*f + 3*f**3. Calculate the remainder when 38 is divided by v(2).
12
Suppose -i + 15 = 1. What is the remainder when i is divided by 8?
6
Let b(s) = -8*s + 4. Let w be b(-5). Suppose 0 = -4*v - 0*v + 84. Calculate the remainder when 0 + -3 + w + -1 is divided by v.
19
Let y be (1/4*0)/3. Suppose 5*z = 14 + 21. What is the remainder when (y - -1 - -1)*z is divided by 5?
4
Let h be (-249)/4 + 6/24. Let b = h - -108. What is the remainder when b is divided by 24?
22
Let k = -66 - -72. What is the remainder when 17 is divided by k?
5
Suppose 12*f = 21*f - 1683. What is the remainder when f is divided by 27?
25
Let u be 1 + 0 - (-122)/2. Suppose 5*m - 168 = u. Let i = 23 - 7. Calculate the remainder when m is divided by i.
14
Suppose -3*q = -4*r + 8, 17 - 48 = -3*r - 4*q. What is the remainder when 19 is divided by r?
4
Suppose 3*h = -0*h + 147. What is the remainder when 1/(-2 - -1) + 35 is divided by ((-42)/h)/((-1)/14)?
10
Suppose -22*t + 17*t + 190 = 0. Calculate the remainder when 150 is divided by t.
36
Let a(s) = -s**3 + 25*s**2 - 4*s + 13. Let o(b) = -6*b**2 + b - 3. Let k(i) = 2*a(i) + 9*o(i). What is the remainder when k(-3) is divided by 5?
4
Suppose u + 2 - 7 = 0. Let k(q) = -2*q + 14. Calculate the remainder when u is divided by k(5).
1
Suppose 0 = -2*a - 0*r + 2*r + 32, -3*a + 4*r + 51 = 0. Suppose 3*s - 4*d - 229 = -2*s, 86 = 2*s - 3*d. Calculate the remainder when s is divided by a.
10
Suppose -6*a + a + 25 = 0. Let v(z) = z**2 - 5*z + 6. Suppose 7 = u - 9. Calculate the remainder when u is divided by v(a).
4
Calculate the remainder when (-82)/(0 - 2) + 0 is divided by 1*-1 + (21 - 6).
13
Let o(p) = 9*p + 1. Let i be o(1). Let m = 36 - i. Let g = 2 + m. What is the remainder when g is divided by 10?
8
Suppose -5*d - d = 0. Suppose -31 = -4*o - 3*g, -4*o + 32 = 4*g - 4. Suppose d*p = -o*p + 8. What is the remainder when 4 is divided by p?
0
Calculate the remainder when (132/15)/((-2)/(-5) + 0) is divided by 3.
1
Suppose -16 - 5 = -3*b. Suppose 0 = s + 5*i + b, -5*s + 54 = 4*i + 5. Suppose f = -3*y + 4, 5*f = 2*y + 17 + 20. What is the remainder when s is divided by f?
6
Suppose -6*j = -5*j - 26. Calculate the remainder when 75 is divided by j.
23
Suppose -5*s + 26 = -3*s. Calculate the remainder when 51 is divided by s.
12
Let m(u) = u**2 - u - 1. What is the remainder when 13 is divided by m(3)?
3
Let b(r) = r**2 - 14*r - 30. Calculate the remainder when b(18) is divided by 16.
10
Let w = 30 - 14. Suppose 6 = 2*m - w. What is the remainder when 43 is divided by m?
10
Suppose -7*z = -3*z + 8. Let k = z + 14. Calculate the remainder when 35 is divided by k.
11
Let l be 3 - (4*-1 + 3). Suppose -312 + 104 = -l*j. Calculate the remainder when j is divided by 11.
8
Let y = 7 + 5. What is the remainder when 35 is divided by y?
11
Let w = 6 - -14. Suppose -110 = -3*d - 4*b, -d - 3*d + 149 = 3*b. Calculate the remainder when d is divided by w.
18
Suppose 0 = -4*s + s + 33. Let j(p) be the first derivative of -p**4/4 - 5*p**3/3 - 5*p**2/2 - 5*p + 1. Calculate the remainder when j(-5) is divided by s.
9
Suppose 3*z - 2*c = 4, 3*c + 5 + 1 = -5*z. Suppose 2*k = -a - z*a + 19, 0 = 3*k + 4*a - 21. Calculate the remainder when k is divided by 6.
5
Let l be 92/(-10) + 1/5. Let d = 40 + l. Suppose -5*z + 84 = 29. What is the remainder when d is divided by z?
9
Suppose 4*j - 35 = 73. Suppose 4*r = -0*r + 24. Let h = r + 8. Calculate the remainder when j is divided by h.
13
Let c(v) = v**3 + 5*v**2 - 3*v + 10. What is the remainder when c(4) is divided by 24?
22
Let m(n) = 3*n + 18. Calculate the remainder when m(10) is divided by 17.
14
Let k(l) = l**3 + 5*l**2 - 4*l + 3. Let c be k(-6). Let u = 16 + c. Calculate the remainder when u is divided by (6/(-3))/((-1)/2).
3
Suppose 10*w = 12*w - 78. What is the remainder when w is divided by 21?
18
Suppose -4*w + 1 - 5 = -3*c, w + 4*c - 18 = 0. Suppose -x - 56 = -w*x. Calculate the remainder when x is divided by 19.
18
Let r = -10 + -4. Let b(v) = -v + 5. Calculate the remainder when 55 is divided by b(r).
17
Calculate the remainder when 67 is divided by 424/16 - (-2)/4.
13
Let d(q) = 45*q - 3. What is the remainder when d(2) is divided by 11?
10
Let l(m) = -m**3 - m - 5. Calculate the remainder when 11 is divided by l(-2).
1
Let s(l) = 1 + l**2 + 2*l + 2*l**2 - l**2 + 2*l. Suppose 5*c - 3 = 2*c + 3*y, -5*y = -3*c - 3. Calculate the remainder when s(-3) is divided by c.
3
Suppose 28 + 0 = 4*y. Suppose -2*j - 1 = -y. Suppose -11 = x + a + j*a, -12 = -3*x - 3*a. Calculate the remainder when 33 is divided by x.
6
Let x = -416 - -440. What is the remainder when x is divided by (-2)/8 - (-74)/8?
6
Suppose 6*n = n + 115. What is the remainder when 66 is divided by n?
20
Calculate the remainder when 3 is divided by 2/(0 + 0 + 2).
0
Suppose -4*z - r - r + 304 = 0, -3*z + 3*r + 246 = 0. What is the remainder when z is divided by 16?
14
Suppose 15 = 2*p - 21. Calculate the remainder when 51 is divided by p.
15
Let z = -7 + 5. Let x = z + 4. Calculate the remainder when (-4)/(4 - x) - -13 is divided by 6.
5
Suppose -3*p = -9*p + 84. What is the remainder when 111 is divided by p?
13
Let m = -162 - -178. Let l = 67 + -37. What is the remainder when l is divided by m?
14
Calculate the remainder when 33 is divided by (-34)/4*(-10)/5.
16
Suppose -4*o = -29 + 9. Suppose 0 = 3*u - 3*r, r = o - 2. Suppose -4*w + 73 = -5*q, u*w = -q + 21 + 10. What is the remainder when 35 is divided by w?
11
Suppose -2*f - 3*f = -2*c - 388, 2*f = 5*c + 151. Suppose -